) + (-17 - -18)).
-6
What is the value of (5 - 10 - 7) + 4?
-8
What is 8 + -2 - -1 - (-29 + (47 - -3))?
-14
Calculate -26 + -1 + (-155 - -188).
6
Calculate -6 - (5 + 3 + -20 + 8).
-2
2 - (-1 + 5 + 2 + (-9 - -1))
4
Evaluate (-17 - (-2 + 3)) + (895 - 907).
-30
13 + (-11 - 11) + 23
14
Evaluate (10 + 2 - 3) + -4.
5
(3 - -1) + (7 + -38 - -20)
-7
Evaluate 21 + -73 + 37 - (-1 - 1 - 1).
-12
What is the value of 3 + (-7 - ((-15 + 6 - -8) + -4))?
1
Evaluate (-19 + 40 - -4) + -10 + 2.
17
3 - ((15 - (31 - 18)) + -2 + 0)
3
-12 - -3 - (-6 + (-4 - -7 - 2))
-4
Evaluate -7 + (-1 - 6) - (-15 - (-7 + -2)).
-8
What is 20 - (222 - 231 - (-21 - 0))?
8
Calculate 3 - 2 - -4 - (-13 + (-24 - -18)).
24
What is (-3 + 1 - (81 + -82)) + -9?
-10
Evaluate 50 - (-41 + 34 - -38).
19
-6 + 4 - (93 - 80)
-15
What is the value of (75 - 72 - (9 + -3)) + 18 + -1?
14
What is -29 + 8 - (-3 - 2 - 2)?
-14
What is the value of -2 - (-6 + -5) - 18?
-9
What is the value of 8 - (-25 - (-22 + 5))?
16
-17 + 1 + 6 + -18 - -5
-23
-3 - ((-1 - -22) + -22)
-2
What is the value of -31 + (43 - (23 + -19))?
8
What is -2 + (12 - ((12 - -4) + -6 + -5))?
5
What is the value of (-17 - -19) + 17 + -1?
18
Evaluate -28 - ((-12 - -22) + -3 + (-6 - 2)).
-27
What is the value of 7 + (27 + 2 - 17)?
19
Calculate -8 - (-8 + -1 + 12).
-11
What is 17 - (-17 - (19 + -54))?
-1
Calculate 2 + -1 + -5 + (41 - (62 - 10)).
-15
What is (3 - 9) + (0 - 2) + 4 + 22?
18
What is (-2 - 16) + 1 + -13 + (23 - 16)?
-23
Evaluate (-2 - 5) + 4 + (-10 - (-9 + 7)).
-11
What is -6 - ((7 - 0) + -30 + -1 + 16)?
2
What is -2 - (-1 - 8) - (-18 - (37 - 60))?
2
Calculate 6 - (-6 - -10 - (3 + 3)).
8
8 - (18 - (39 + -27))
2
Calculate 6 - ((6 - (5 + 2) - -7) + -5).
5
What is 10 + -13 + 10 + -6 - 13?
-12
What is -25 + 64 + -20 + -21?
-2
Calculate (-1 - -1 - (5 + -9)) + (-3 - -7).
8
Evaluate -4 + 1 + (-17 - -22 - 10) + 4.
-4
Calculate (-4 - (-7 - -15)) + 6 + 9 - 7.
-4
What is the value of 9 + -9 - 13 - -2 - 7?
-18
Evaluate -14 + 7 + 15 + -20.
-12
Evaluate -10 + (19 - 1) + -4 + 11.
15
7 - (15 - 5) - 6 - 11
-20
16 - (-24 + 36) - (3 + 24)
-23
-10 - 0 - (-56 - (-92 - -31))
-15
-39 + -29 + 70 + (7 - (2 + -1))
8
What is (5 - (29 + (-1 - -3))) + -4 + 1?
-29
Calculate (-1 - -23) + (-108 - -95).
9
What is the value of 14 + (-16 - -6) - 3?
1
What is the value of 3 + -7 + -1 - (8 + (-18 - -10))?
-5
-11 - -2 - (-30 + -43 + 47)
17
(36 - 49 - -7) + (1 - 0 - -2)
-3
Calculate (26 - 19 - (3 - (4 + -29))) + 5.
-16
What is -6 + 5 + -2 + -3 + 2 + -2?
-6
Evaluate 2 + 1 + -6 - (-154 + 152).
-1
What is (-32 - (-18 - 23)) + -14?
-5
What is (7 - 16) + -4 + (-2 - -1) + 7?
-7
Evaluate 30 + (19 - 20) - 19.
10
What is (-1 - ((-4 + -4 - -11) + 2)) + 3?
-3
Evaluate 9 - 0 - 3 - (4 - (-1 - -3)).
4
Evaluate -14 + 15 - 14 - -27.
14
What is 10 + 9 + 9 + 3 - 13?
18
-63 - 3 - -50 - (-1 - -3)
-18
What is the value of (-16 - (-6 + 1)) + 4 - 2?
-9
Evaluate 279 - 285 - (-7 - (4 + -4)).
1
5 + (54 - 61) + (0 - (-10 - -3))
5
What is the value of -26 - -24 - (-14 + -2) - (-6 + 6)?
14
What is the value of -18 + -7 + (16 - (10 - 5 - 1))?
-13
What is (-5 - -2 - (-12 + 32)) + (1 - -7)?
-15
-5 - (-2 + 7) - (21 + -10)
-21
What is 4 + (5 - (-1 + 16 + -6))?
0
Calculate 0 + 1 - (4 - (-2 - -17)).
12
Calculate -23 + 18 - (-8 - (-3 + 1 - 0)).
1
Calculate 5 + 7 + -28 - -16 - (-5 - 2).
7
-29 + -9 - (3 + -10)
-31
What is -9 + 18 + -14 - -5?
0
(20 - (-1 - 1)) + 587 + -600
9
(2 - 0 - -5 - 2) + 1 + -1
5
What is the value of 7 - ((7 - (10 - -1)) + -3)?
14
Evaluate -2 + (2 - -3 - (0 + 8)).
-5
What is 6 + (-4 + 16 - 7) + -7?
4
What is the value of 1 + 0 - (-2 + 11 + 10 + -8)?
-10
9 + -2 - 1 - (-1 + -1)
8
What is 13 - (34 - (-5 + 17))?
-9
What is the value of -1 + 5 + -3 + 28 + -41?
-12
Calculate 38 + -31 + 12 + -50.
-31
Evaluate -6 + 0 + 2 + -2 - (-184 + 194).
-16
What is -16 + 4 + 11 + (-1 - 0)?
-2
What is 1 + -2 + 5 - (4 + -7 - 1)?
8
2 - (14 - (7 + -13 + (-9 - -13)))
-14
Evaluate (-32 - -21) + 3 + 14 + 12.
18
Calculate -7 + 3 - (-5 - 1 - 6).
8
11 - (-6 + 1 + 1 + 21 + -16)
10
What is the value of (-20 - 1) + 326 + -322?
-17
Calculate (14 - (20 + -11)) + -2 + 7.
10
Evaluate -1 + -8 + 6 + -18 + 8.
-13
What is the value of -33 + 3 + -731 + 742?
-19
Evaluate (-19 - 15 - -25) + (-5 - -2).
-12
-2 + -3 - (-76 - -49 - -12)
10
What is 337 + -330 + (19 - 0 - 2)?
24
6 + (13 + -1 + 3 + -10 - 3)
8
38 - (53 - 20 - 22)
27
What is (1 - -41) + (-11 + 9 + -7 - -2)?
35
What is the value of -2 - -8 - (39 + -47 - (-2 - 18))?
-6
-8 - (-2 + (3 - (-2 + 9)) + -4)
2
What is the value of 5 - (15 - 5 - (-7 + (6 - -2)))?
-4
Evaluate 23 + (-20 - -13) + -29.
-13
Calculate -2 + 2 + 14 + (345 - 344).
15
Evaluate (18 - 16 - -2) + 7.
11
(27 - 18) + (9 - 8 - -2)
12
Calculate -3 + -1 - (40 + -77 + 37).
-4
Calculate 14 + -9 + -1 + -4.
0
What is (0 - 38) + (-6 - -30)?
-14
What is the value of (-5 + 9 - 9 - -3) + -2 + 5?
1
What is 41 + 10 + -28 + 7?
30
Calculate (-12 - 1) + -19 + -50 + 61.
-21
Evaluate 23 + -7 - (-11 + 20).
7
What is -28 + (-10 - (-89 + 27))?
24
1 + 28 + 0 - (-16 - (11 + -23))
33
(2 - 9 - -14) + -3 + -2 - -8
10
Evaluate -34 + 42 + -15 + (1 - 0).
-6
(3 + -6 - 1) + 3 + -5
-6
What is -7 + (11 + -15 - 5 - -32)?
16
Calculate -20 - 1 - (1 - 18 - -5).
-9
What is 274 - 321 - (1 + -20)?
-28
Evaluate 2 + 57 + -21 - 28.
10
What is 16 + -25 + 28 + -4?
15
-2 - (2 - (7 + 4 + -1))
6
Evaluate -6 + -14 + (12 - 6).
-14
What is the value of (17 + -11 - (-8 - (-8 - 2))) + -18?
-14
Calculate -3 + -5 + 7 + (8 - 3) - -5.
9
Calculate 0 + -5 + 3 + (-6 - -5).
-3
Evaluate 0 + 9 + (-8 - 18) - -9.
-8
-26 + (6 - (-1 + 4)) - (97 + -101)
-19
(0 - -12) + -3 + 12 + -28 + 12
5
Calculate 1 - (-1 - ((7 - -1) + 0)).
10
(6 - ((-12 - -19) + (1 - 0))) + 3
1
(79 - 80) + (17 - (1 - -2))
13
What is the value of 8 - 11 - ((1 - 1) + -8) - 7?
-2
Evaluate 25 - ((1 - -9) + -1 + -6).
22
What is (-1 - -7) + (222 - 246)?
-18
Evaluate -57 + 47 - (21 - 1) - -9.
-21
-15 - (10 - 19) - (8 + -7)
-7
Evaluate -26 - (8 - (11 - 2 - (0 - 3))).
-22
What is -4 - -13 - (118 + -121)?
12
What is 0 - -5 - (-6 - (1 + 3 + -6))?
9
Evaluate -2 - 3 - (7 - 3) - 3.
-12
Evaluate -1 - (0 - (2 + 2) - (-4 + 1)).
0
What is -115 - -102 - (1 - -1)?
-15
Calculate 2 + -1 + (-298 + 277 - (-10 + 0)).
-10
What is the value of 13 + (0 + 9 - 16) + 7?
13
What is the value of -13 - (2 + 2 + -36 + 25)?
-6
3 + (-2 + -1 - (-8 + 7 - 4))
5
Evaluate (13 - (17 + -1)) + -18.
-21
Evaluate 12 + 3 - (36 + -16).
-5
Calculate 25 + -68 + 4 + 21.
-18
Calculate (-57 - (9 + -37)) + 24.
-5
What is 2 + -5 + (9 - (2 + (1 - -2)))?
1
-22 + -21 + 48 + (1 - -5)
11
Evaluate -6 - (16 + -22) - (0 + 9).
-9
What is (-496 - -457) + (2 - (-2 + -10))?
-25
What is -42 - (-6 - (5 + 4))?
-27
What is the value of -9 + 5 + 24 + -40?
-20
What is (20 + 36 - 25) + -13?
18
Calculate -1 + (2 - 1) + (6 - 0 - 6).
0
Evaluate -120 + 106 + (-1 - -12).
-3
Calculate 6 + -2 - (-15 + 15).
4
Calculate 11 + -18 + 1 - 0 - (24 - -1).
-31
Calculate (-9 + 15 - (2 + -6)) + -15.
-5
Calculate (-5 - 32) + 11 - -8.
-18
-43 + 13 + (0 - 1 - -13)
-18
What is 2 + -1 + 1011 + -1009?
3
What is the value of -26 + 0 + (24 - (18 - 0))?
-20
Calculate 12 + (4 - 18) + -32.
-34
0 + -7 + -4 - -5 - (4 + 5)
-15
(-8 - 0) + (11 - (-1 - -10)) + 30
24
Calculate 14 + (16 - 15) - 11.
4
What is -8 + (-3 - -4 - 2 - (-17 - -11))?
-3
Calculate -6 - 4 - -16 - (6 + (3 - 4)).
1
What is 45 + -35 + (-8 - -4)?
6
17 + (21 - 9 - 14) + 1 + 0
16
-9 + 1 + (37 - 35)
-6
What is the value of -12 + -5 + 1 + 4 + -8 + 10?
-10
Evaluate 0 + 3 - (-6 - (-8 + 4)).
5
Calculate 5 - (-9 - (-2 - (0 + -5 - -39))).
-22
5 + -2 + 6 + -3 + 0
6
Calculate ((-5 - 5) + 16 - 12 - -3) + -7.
-10
Calculate (56 - 32) + 4 + -44.
-16
What is the value of -12 + 15 + -4 + -22?
-23
What is 7 - (7 + -1 - (-136 + 132))?
-3
-26 - (36 + -8 + -51)
-3
What is -7 + -9 - 7 - -19?
-4
What is (22 + 0 - 17) + 17?
22
Calculate 42 + 24 + -55 + 11.
22
What is the value of (4 - 21) + 29 + (2 - 5)?
9
What is (144 - 172) + -1 + 3?
-26
(3 - (-10 + 8 + -4)) + -19
-10
What is (27 - 39 - (-1 + -9)) + -9?
-11
What is the value of -1 - (22 - 9 - 19)?
5
Evaluate (-17 - -27) + -12 + -10.
-12
What is 0 + -16 + 8 + (-28 - -31)?
-5
-2 + -3 + 0 + (-8 - (5 - 9))
-9
What is 0 + 4 + 2 + -1 + -8?
-3
Evaluate -21 + (37 - -4) + -9.
11
Calculate (2 + -1 - (-10 + 16)) + -1 + -11.
-17
Cal